{"id":940,"date":"2024-08-01T20:29:00","date_gmt":"2024-08-01T18:29:00","guid":{"rendered":"https:\/\/expedientes.guiaagentedigitalizador.com\/?page_id=940"},"modified":"2024-10-29T09:05:32","modified_gmt":"2024-10-29T08:05:32","slug":"tramitacion-kit-digital","status":"publish","type":"page","link":"https:\/\/expedientes.guiaagentedigitalizador.com\/?page_id=940","title":{"rendered":"Gesti\u00f3n y tramitaci\u00f3n kit digital"},"content":{"rendered":"\n<div id=\"wp-block-themeisle-blocks-advanced-columns-a879ea02\" class=\"wp-block-themeisle-blocks-advanced-columns alignfull has-1-columns has-desktop-equal-layout has-tablet-equal-layout has-mobile-collapsedRows-layout has-vertical-center ticss-c00aadba has-light-bg\"><div class=\"wp-block-themeisle-blocks-advanced-columns-overlay\"><\/div><div class=\"innerblocks-wrap\">\n<div id=\"wp-block-themeisle-blocks-advanced-column-b91fff75\" class=\"wp-block-themeisle-blocks-advanced-column\">\n<h1 class=\"wp-block-heading has-nv-text-dark-bg-color has-text-color has-link-color wp-elements-540d5c4bd8bd6e3f609292c0d8e45c69\"><strong>GESTI\u00d3N Y TRAMITACI\u00d3N KIT DIGITAL<\/strong><\/h1>\n\n\n\n<p class=\"has-nv-text-dark-bg-color has-text-color has-link-color wp-elements-4b68f826f7446cb939e71ee687ac1c00\">Materiales de utilidad para gestionar y tramitar el bono del kit digital<\/p>\n<\/div>\n<\/div><\/div>\n\n\n\n<div style=\"height:65px\" aria-hidden=\"true\" class=\"wp-block-spacer\"><\/div>\n\n\n\n<h2 class=\"wp-block-heading has-neve-link-color-color has-text-color has-link-color wp-elements-83f4d40e16429f0b15976a70a4d1c6c0\">Recogida datos para aut\u00f3nomos<\/h2>\n\n\n\n<p>Plantilla de recogida de datos que deber\u00e9is enviar al aut\u00f3nomo (o su asesor\u00eda) para disponer de todos los datos para solicitarle el kit<\/p>\n\n\n\n<p class=\"has-neve-link-hover-color-color has-text-color has-link-color wp-elements-7c59b7ec5c97940d4d1cae1fa467f709\">\u00a1Actualizado!<br><\/p>\n\n\n\n<div id=\"wp-block-themeisle-blocks-tabs-fe3d359f\" class=\"wp-block-themeisle-blocks-tabs\"><div class=\"wp-block-themeisle-blocks-tabs__content\">\n<div data-title=\"Plantilla\" class=\"wp-block-themeisle-blocks-tabs-item\"><div class=\"wp-block-themeisle-blocks-tabs-item__header\" tabindex=\"0\">Plantilla<\/div><div class=\"wp-block-themeisle-blocks-tabs-item__content\">\n<div class=\"wp-block-woocommerce-memberships-member-content\">\n<div class=\"wp-block-file\"><a id=\"wp-block-file--media-35b83ffd-e7a7-4c71-9c13-e03797b0efe8\" href=\"https:\/\/expedientes.guiaagentedigitalizador.com\/wp-content\/uploads\/2024\/10\/8_24-DATOS-KIT-DIGITAL-AUTONOMOSv1.1.docx\">8_24 DATOS KIT DIGITAL AUTONOMOSv1.1 <\/a><a href=\"https:\/\/expedientes.guiaagentedigitalizador.com\/wp-content\/uploads\/2024\/10\/8_24-DATOS-KIT-DIGITAL-AUTONOMOSv1.1.docx\" class=\"wp-block-file__button wp-element-button\" download aria-describedby=\"wp-block-file--media-35b83ffd-e7a7-4c71-9c13-e03797b0efe8\">Descarga<\/a><\/div>\n<\/div>\n<\/div><\/div>\n<\/div><\/div>\n\n\n\n<div style=\"height:65px\" aria-hidden=\"true\" class=\"wp-block-spacer\"><\/div>\n\n\n\n<h2 class=\"wp-block-heading has-neve-link-color-color has-text-color has-link-color wp-elements-c99b59a8aeaee79c6944dd677dd6a4ca\">Recogida datos para sociedades<\/h2>\n\n\n\n<p>Plantilla de recogida de datos que deber\u00e9is enviar a la sociedad (o su asesor\u00eda) para disponer de todos los datos para solicitarle el kit<\/p>\n\n\n\n<p class=\"has-neve-link-hover-color-color has-text-color has-link-color wp-elements-7c59b7ec5c97940d4d1cae1fa467f709\">\u00a1Actualizado!<br><\/p>\n\n\n\n<div id=\"wp-block-themeisle-blocks-tabs-4bd590c6\" class=\"wp-block-themeisle-blocks-tabs\"><div class=\"wp-block-themeisle-blocks-tabs__content\">\n<div data-title=\"Plantilla\" class=\"wp-block-themeisle-blocks-tabs-item\"><div class=\"wp-block-themeisle-blocks-tabs-item__header\" tabindex=\"0\">Plantilla<\/div><div class=\"wp-block-themeisle-blocks-tabs-item__content\">\n<div class=\"wp-block-woocommerce-memberships-member-content\">\n<div class=\"wp-block-file\"><a id=\"wp-block-file--media-bdb01753-ce60-48bc-94dd-76a694cbb265\" href=\"https:\/\/expedientes.guiaagentedigitalizador.com\/wp-content\/uploads\/2024\/10\/8_24-DATOS-KIT-DIGITAL-ENTIDADES-NO-AUTONOMOSv1.1.docx\">8_24 DATOS KIT DIGITAL ENTIDADES (NO AUTONOMOS)v1.1<\/a><a href=\"https:\/\/expedientes.guiaagentedigitalizador.com\/wp-content\/uploads\/2024\/10\/8_24-DATOS-KIT-DIGITAL-ENTIDADES-NO-AUTONOMOSv1.1.docx\" class=\"wp-block-file__button wp-element-button\" download aria-describedby=\"wp-block-file--media-bdb01753-ce60-48bc-94dd-76a694cbb265\">Descarga<\/a><\/div>\n<\/div>\n<\/div><\/div>\n<\/div><\/div>\n\n\n\n<div style=\"height:65px\" aria-hidden=\"true\" class=\"wp-block-spacer\"><\/div>\n\n\n\n<h2 class=\"wp-block-heading has-neve-link-color-color has-text-color has-link-color wp-elements-328cf78c6b974da0746af7bc38d49564\">Presentar solicitud con \u00e9xito<\/h2>\n\n\n\n<p>Unos tips para no tener problemas para obtener el kit digital<\/p>\n\n\n\n<div id=\"wp-block-themeisle-blocks-tabs-5c632a94\" class=\"wp-block-themeisle-blocks-tabs\"><div class=\"wp-block-themeisle-blocks-tabs__content\">\n<div data-title=\"Instrucciones\" class=\"wp-block-themeisle-blocks-tabs-item\"><div class=\"wp-block-themeisle-blocks-tabs-item__header\" tabindex=\"0\">Instrucciones<\/div><div class=\"wp-block-themeisle-blocks-tabs-item__content\">\n<p>1- Calcular bien n\u00famero medio de empleados teniendo en cuenta:<\/p>\n\n\n\n<ul class=\"wp-block-list\">\n<li>Los diferentes periodos que se tienen en cuenta en segmento I (media a\u00f1o anterior) y segmento II y III ( media de 12 \u00faltimos meses).<\/li>\n\n\n\n<li>Tomar datos del n\u00famero medio de empleados de todas las cuentas de cotizaci\u00f3n<\/li>\n\n\n\n<li>Tener en cuenta los aut\u00f3nomos societarios en personas jur\u00eddicas y los aut\u00f3nomos colaboradores en aut\u00f3nomos, de los 12 \u00faltimos meses.<\/li>\n<\/ul>\n\n\n\n<p>2- Indicar correctamente los datos del representante legal de la persona jur\u00eddica, tipo de poder y los datos de la \u00faltima escritura en el caso de que el formulario de autorizaci\u00f3n del representante voluntario o la plataforma lo requiera.<\/p>\n\n\n\n<p>3- Asociar la solicitud al segmento y modelos correctos, tanto por el n\u00famero de medio de empleados como atendiendo a la forma jur\u00eddica<\/p>\n\n\n\n<p>4- Verificar que la entidad solicitante no tiene deudas con la AEAT o la Seguridad Social.<\/p>\n\n\n\n<p>5- Verificar que no es una empresa en crisis a efectos de la subvenci\u00f3n.<\/p>\n\n\n\n<p>6- En el caso de entidades que no liquidaran modelo 200 del ejercicio 2023 ser\u00e1 necesario aportar estados previsionales, esto lo requerir\u00e1 red.es con posterioridad a la solicitud, con el objeto de comprobar que no se trata de una empresa en crisis<\/p>\n<\/div><\/div>\n<\/div><\/div>\n","protected":false},"excerpt":{"rendered":"<p>Recogida datos para aut\u00f3nomos Plantilla de recogida de datos que deber\u00e9is enviar al aut\u00f3nomo (o su asesor\u00eda) para disponer de todos los datos para solicitarle el kit \u00a1Actualizado! Recogida datos para sociedades Plantilla de recogida de datos que deber\u00e9is enviar a la sociedad (o su asesor\u00eda) para disponer de todos los datos para solicitarle el&hellip;&nbsp;<a href=\"https:\/\/expedientes.guiaagentedigitalizador.com\/?page_id=940\" rel=\"bookmark\">Continue<span class=\"screen-reader-text\">Gesti\u00f3n y tramitaci\u00f3n kit digital<\/span><\/a><\/p>\n","protected":false},"author":1,"featured_media":0,"parent":0,"menu_order":0,"comment_status":"closed","ping_status":"closed","template":"","meta":{"_acf_changed":false,"neve_meta_sidebar":"","neve_meta_container":"","neve_meta_enable_content_width":"","neve_meta_content_width":0,"neve_meta_title_alignment":"","neve_meta_author_avatar":"","neve_post_elements_order":"","neve_meta_disable_header":"","neve_meta_disable_footer":"","neve_meta_disable_title":"on","neve_meta_reading_time":"","_themeisle_gutenberg_block_has_review":false,"footnotes":""},"class_list":["post-940","page","type-page","status-publish","hentry"],"acf":[],"_links":{"self":[{"href":"https:\/\/expedientes.guiaagentedigitalizador.com\/index.php?rest_route=\/wp\/v2\/pages\/940","targetHints":{"allow":["GET"]}}],"collection":[{"href":"https:\/\/expedientes.guiaagentedigitalizador.com\/index.php?rest_route=\/wp\/v2\/pages"}],"about":[{"href":"https:\/\/expedientes.guiaagentedigitalizador.com\/index.php?rest_route=\/wp\/v2\/types\/page"}],"author":[{"embeddable":true,"href":"https:\/\/expedientes.guiaagentedigitalizador.com\/index.php?rest_route=\/wp\/v2\/users\/1"}],"replies":[{"embeddable":true,"href":"https:\/\/expedientes.guiaagentedigitalizador.com\/index.php?rest_route=%2Fwp%2Fv2%2Fcomments&post=940"}],"version-history":[{"count":18,"href":"https:\/\/expedientes.guiaagentedigitalizador.com\/index.php?rest_route=\/wp\/v2\/pages\/940\/revisions"}],"predecessor-version":[{"id":1526,"href":"https:\/\/expedientes.guiaagentedigitalizador.com\/index.php?rest_route=\/wp\/v2\/pages\/940\/revisions\/1526"}],"wp:attachment":[{"href":"https:\/\/expedientes.guiaagentedigitalizador.com\/index.php?rest_route=%2Fwp%2Fv2%2Fmedia&parent=940"}],"curies":[{"name":"wp","href":"https:\/\/api.w.org\/{rel}","templated":true}]}}