{"id":857,"date":"2024-07-28T19:25:08","date_gmt":"2024-07-28T17:25:08","guid":{"rendered":"https:\/\/expedientes.guiaagentedigitalizador.com\/?page_id=857"},"modified":"2024-07-30T18:42:07","modified_gmt":"2024-07-30T16:42:07","slug":"plantilla-gestion-procesos","status":"publish","type":"page","link":"https:\/\/expedientes.guiaagentedigitalizador.com\/?page_id=857","title":{"rendered":"plantilla gestion procesos"},"content":{"rendered":"\n<div id=\"wp-block-themeisle-blocks-advanced-columns-a879ea02\" class=\"wp-block-themeisle-blocks-advanced-columns alignfull has-1-columns has-desktop-equal-layout has-tablet-equal-layout has-mobile-collapsedRows-layout has-vertical-center ticss-c00aadba has-light-bg\"><div class=\"wp-block-themeisle-blocks-advanced-columns-overlay\"><\/div><div class=\"innerblocks-wrap\">\n<div id=\"wp-block-themeisle-blocks-advanced-column-b91fff75\" class=\"wp-block-themeisle-blocks-advanced-column\">\n<h1 class=\"wp-block-heading has-nv-text-dark-bg-color has-text-color has-link-color wp-elements-40172c457e833360cef2da894312e272\"><strong>Plantillas y ejemplos para justificaci\u00f3n de procesos<\/strong><\/h1>\n\n\n\n<p class=\"has-nv-text-dark-bg-color has-text-color has-link-color wp-elements-508d785fd0e31a14b76a5599dcd38aa6\">Una recopilaci\u00f3n de plantillas, modelos y ejemplos <strong>validados por la comunidad<\/strong> (y por este tipo tan majo que yo soy) listos para ser reutilizados y salvaros de m\u00e1s de una subsanaci\u00f3n <strong>en la categor\u00eda de gesti\u00f3n de proceso<\/strong>s.<\/p>\n<\/div>\n<\/div><\/div>\n\n\n\n<div style=\"height:100px\" aria-hidden=\"true\" class=\"wp-block-spacer\"><\/div>\n\n\n\n<div style=\"height:100px\" aria-hidden=\"true\" class=\"wp-block-spacer\"><\/div>\n\n\n\n<h2 class=\"wp-block-heading has-neve-link-color-color has-text-color has-link-color wp-elements-4883bc92ccdd86b7a39c1f772afba84e\">Primera justificaci\u00f3n gesti\u00f3n de procesos<\/h2>\n\n\n\n<div style=\"height:65px\" aria-hidden=\"true\" class=\"wp-block-spacer\"><\/div>\n\n\n\n<h3 class=\"wp-block-heading has-neve-link-color-color has-text-color has-link-color wp-elements-1b85ec21832f3498e82ad09f7d45f903\">Evidencias de la prestaci\u00f3n del servicio<\/h3>\n\n\n\n<p>Ejemplo descargable con  anotaciones para hacerte la vida m\u00e1s sencilla.<\/p>\n\n\n\n<div id=\"wp-block-themeisle-blocks-tabs-e4de9216\" class=\"wp-block-themeisle-blocks-tabs\"><div class=\"wp-block-themeisle-blocks-tabs__content\">\n<div data-title=\"Ejemplo descargable\" class=\"wp-block-themeisle-blocks-tabs-item\"><div class=\"wp-block-themeisle-blocks-tabs-item__header\" tabindex=\"0\">Ejemplo descargable<\/div><div class=\"wp-block-themeisle-blocks-tabs-item__content\">\n<div class=\"wp-block-file\"><a id=\"wp-block-file--media-f7daf2b7-3ea5-47c2-a2f4-f854a77dcaf9\" href=\"https:\/\/expedientes.guiaagentedigitalizador.com\/wp-content\/uploads\/2024\/07\/GESTION-PROCESOS-ODOO-GENERICO-PKD_P1C_Gestion_de_Procesos-v1.0.docx\">ejemplo gesti\u00f3n de procesos con odoo<\/a><a href=\"https:\/\/expedientes.guiaagentedigitalizador.com\/wp-content\/uploads\/2024\/07\/GESTION-PROCESOS-ODOO-GENERICO-PKD_P1C_Gestion_de_Procesos-v1.0.docx\" class=\"wp-block-file__button wp-element-button\" download aria-describedby=\"wp-block-file--media-f7daf2b7-3ea5-47c2-a2f4-f854a77dcaf9\">Descarga<\/a><\/div>\n<\/div><\/div>\n\n\n\n<div data-title=\"Instrucciones\" class=\"wp-block-themeisle-blocks-tabs-item\"><div class=\"wp-block-themeisle-blocks-tabs-item__header\" tabindex=\"0\">Instrucciones<\/div><div class=\"wp-block-themeisle-blocks-tabs-item__content\">\n<p><\/p>\n\n\n\n<ul class=\"wp-block-list\">\n<li>Descargar siempre la plantilla actualizada disponible en red.es y rellenar siguiendo las indicaciones del ejemplo disponible. Esta es la <a href=\"https:\/\/portal.gestion.sedepkd.red.gob.es\/portal\/common\/help\/justificaciones\/PKD_P1C_Gestion_de_Procesos.docx\" data-type=\"link\" data-id=\"https:\/\/portal.gestion.sedepkd.red.gob.es\/portal\/common\/help\/justificaciones\/PKD_P1C_Sitio_Web.docx\">plantilla para primera convocatoria<\/a> y <a href=\"https:\/\/portal.gestion.sedepkd.red.gob.es\/portal\/common\/help\/justificaciones\/PKD_PRC_Gestion_de_Procesos.docx\" data-type=\"link\" data-id=\"https:\/\/portal.gestion.sedepkd.red.gob.es\/portal\/common\/help\/justificaciones\/PKD_PRC_Gestion_de_Procesos.docx\">esta para el resto<\/a>.<\/li>\n\n\n\n<li>La plantilla es realmente <strong>un ejemplo de gesti\u00f3n de procesos realizado con odoo<\/strong> preparado para justificaci\u00f3n, hay que atender a las anotaciones realizadas en la misma en color azul, e intentar realizar vuestra justificaci\u00f3n lo m\u00e1s parecida posible para evitar subsanaciones.<\/li>\n\n\n\n<li>Con las notas de la plantilla, el ejemplo y el art\u00edculo de blog con el paso a paso indicado en la secci\u00f3n \u00abMaterial de apoyo\u00bb est\u00e1is m\u00e1s que capacitados para hacer esta justificaci\u00f3n.<\/li>\n<\/ul>\n<\/div><\/div>\n\n\n\n<div data-title=\"Material de apoyo\" class=\"wp-block-themeisle-blocks-tabs-item\"><div class=\"wp-block-themeisle-blocks-tabs-item__header\" tabindex=\"0\">Material de apoyo<\/div><div class=\"wp-block-themeisle-blocks-tabs-item__content\">\n<ul class=\"wp-block-list\">\n<li><a href=\"https:\/\/antoniofernandez.com\/justificar-gestion-procesos-kit-digital\/\" data-type=\"link\" data-id=\"https:\/\/antoniofernandez.com\/justificar-web-kit-digital\/\">Articulo para ayudaros a justificar gesti\u00f3n de procesos<\/a><\/li>\n<\/ul>\n<\/div><\/div>\n\n\n\n<div data-title=\"Historial de versiones\" class=\"wp-block-themeisle-blocks-tabs-item\"><div class=\"wp-block-themeisle-blocks-tabs-item__header\" tabindex=\"0\">Historial de versiones<\/div><div class=\"wp-block-themeisle-blocks-tabs-item__content\">\n<figure class=\"wp-block-table is-style-stripes\"><table><thead><tr><th>Versi\u00f3n<\/th><th>Fecha<\/th><th>Cambios<\/th><\/tr><\/thead><tbody><tr><td>1.0<\/td><td>29\/07\/2024<\/td><td>Versi\u00f3n inicial \u00a1\u00a1YUPIIIi!!<\/td><\/tr><tr><td><\/td><td><\/td><td><\/td><\/tr><\/tbody><\/table><\/figure>\n<\/div><\/div>\n<\/div><\/div>\n\n\n\n<div style=\"height:65px\" aria-hidden=\"true\" class=\"wp-block-spacer\"><\/div>\n\n\n\n<h2 class=\"wp-block-heading has-neve-link-color-color has-text-color has-link-color wp-elements-017e35519adb6ef25778c56e8a2d5dcf\">Segunda justificaci\u00f3n de gesti\u00f3n de procesos<\/h2>\n\n\n\n<div style=\"height:65px\" aria-hidden=\"true\" class=\"wp-block-spacer\"><\/div>\n\n\n\n<h3 class=\"wp-block-heading has-neve-link-color-color has-text-color has-link-color wp-elements-0a012f89bbd04becbf531d42fcd334d7\">No hay plantillas disponibles<\/h3>\n\n\n\n<p>Simplemente ten\u00e9is que rellenar los logs de acceso a la aplicaci\u00f3n durantes los \u00faltimos 3 meses de prestaci\u00f3n del servicio<\/p>\n\n\n\n<div style=\"height:65px\" aria-hidden=\"true\" class=\"wp-block-spacer\"><\/div>\n\n\n\n<div id=\"wp-block-themeisle-blocks-advanced-columns-784450ff\" class=\"wp-block-themeisle-blocks-advanced-columns alignfull has-1-columns has-desktop-equal-layout has-tablet-equal-layout has-mobile-collapsedRows-layout has-vertical-center ticss-c00aadba\"><div class=\"wp-block-themeisle-blocks-advanced-columns-overlay\"><\/div><div class=\"innerblocks-wrap\">\n<div id=\"wp-block-themeisle-blocks-advanced-column-d0fbfc0a\" class=\"wp-block-themeisle-blocks-advanced-column\"><\/div>\n<\/div><\/div>\n","protected":false},"excerpt":{"rendered":"<p>Primera justificaci\u00f3n gesti\u00f3n de procesos Evidencias de la prestaci\u00f3n del servicio Ejemplo descargable con anotaciones para hacerte la vida m\u00e1s sencilla. Segunda justificaci\u00f3n de gesti\u00f3n de procesos No hay plantillas disponibles Simplemente ten\u00e9is que rellenar los logs de acceso a la aplicaci\u00f3n durantes los \u00faltimos 3 meses de prestaci\u00f3n del servicio<\/p>\n","protected":false},"author":1,"featured_media":0,"parent":0,"menu_order":0,"comment_status":"closed","ping_status":"closed","template":"","meta":{"_acf_changed":false,"neve_meta_sidebar":"","neve_meta_container":"","neve_meta_enable_content_width":"","neve_meta_content_width":0,"neve_meta_title_alignment":"","neve_meta_author_avatar":"","neve_post_elements_order":"","neve_meta_disable_header":"","neve_meta_disable_footer":"","neve_meta_disable_title":"on","neve_meta_reading_time":"","_themeisle_gutenberg_block_has_review":false,"footnotes":""},"class_list":["post-857","page","type-page","status-publish","hentry"],"acf":[],"_links":{"self":[{"href":"https:\/\/expedientes.guiaagentedigitalizador.com\/index.php?rest_route=\/wp\/v2\/pages\/857","targetHints":{"allow":["GET"]}}],"collection":[{"href":"https:\/\/expedientes.guiaagentedigitalizador.com\/index.php?rest_route=\/wp\/v2\/pages"}],"about":[{"href":"https:\/\/expedientes.guiaagentedigitalizador.com\/index.php?rest_route=\/wp\/v2\/types\/page"}],"author":[{"embeddable":true,"href":"https:\/\/expedientes.guiaagentedigitalizador.com\/index.php?rest_route=\/wp\/v2\/users\/1"}],"replies":[{"embeddable":true,"href":"https:\/\/expedientes.guiaagentedigitalizador.com\/index.php?rest_route=%2Fwp%2Fv2%2Fcomments&post=857"}],"version-history":[{"count":12,"href":"https:\/\/expedientes.guiaagentedigitalizador.com\/index.php?rest_route=\/wp\/v2\/pages\/857\/revisions"}],"predecessor-version":[{"id":881,"href":"https:\/\/expedientes.guiaagentedigitalizador.com\/index.php?rest_route=\/wp\/v2\/pages\/857\/revisions\/881"}],"wp:attachment":[{"href":"https:\/\/expedientes.guiaagentedigitalizador.com\/index.php?rest_route=%2Fwp%2Fv2%2Fmedia&parent=857"}],"curies":[{"name":"wp","href":"https:\/\/api.w.org\/{rel}","templated":true}]}}